r) = 145*r**3 + r**2 - 2*r + 1. Let v be q(1). Suppose 0 = -3*a + 65 + v. Suppose u - a = -u. Is u a prime number?
False
Suppose 2*h - 2*q - 5 = 3, -4*h + 16 = q. Suppose -1 - 19 = -4*b, -2*b = h*g - 366. Is g a composite number?
False
Suppose 0*i - 52911 = -9*i. Is i composite?
False
Suppose a - 20 = -a + 2*g, a = 2*g + 14. Suppose 0 = p - a*p + 240. Let x = p + -29. Is x composite?
False
Suppose -2*u = 5*o - u - 17459, 4*u = 4*o - 13948. Is o prime?
True
Let n(z) = -9*z**2 + z + 36*z**2 - 2*z. Let b be n(-1). Suppose -2*k - b = -3*k + 5*a, 3*k - 5*a - 34 = 0. Is k prime?
True
Suppose -4*y + 3*i + 3 = 0, 9 = -5*y - 5*i + 39. Suppose z - 262 = -4*d + y*z, -d = -2*z - 67. Is d composite?
True
Let l = 176 - -75. Is l a composite number?
False
Suppose 0 = 12*k - 8*k + 236. Let v = 59 - k. Is v prime?
False
Suppose -5*z = -z + u - 49, 4*z - 2*u - 46 = 0. Suppose 2 = -5*l + z. Suppose -21 = -3*i + l*i. Is i composite?
True
Let z(f) = -f**3 - 3*f**2 - 2*f - 1. Is z(-4) composite?
False
Suppose 0*f + 30 = 4*u - 3*f, 0 = 4*u + 5*f - 14. Let i(n) = -n - 1 + u*n - 4*n + 37*n**2. Is i(1) prime?
True
Let l(s) = -12*s + 11. Is l(-13) composite?
False
Suppose -4 - 20 = -3*z. Suppose -z = -2*k, -j - 5*k + 727 = -0*k. Is j composite?
True
Suppose 0*i + 89 = -i. Let z = -52 - i. Is z composite?
False
Suppose -9*w + 16*w - 889 = 0. Is w a composite number?
False
Let v be 0 - -3 - (-2 + 9). Is 4/5*(-130)/v a composite number?
True
Suppose 5*d - 3*d - 8 = 0. Suppose n = d*n - 33. Is n prime?
True
Let k be -2*21/(-6)*1. Let l(j) = j**3 - 5*j**2 + 8*j + 9. Is l(k) prime?
True
Let w(v) = 6*v**2 - v - 6*v**2 + 17*v**3. Let l be w(1). Suppose -2*a + 14 + l = 0. Is a a prime number?
False
Let x be 51331/105 - 4/(-30). Let r = 844 - x. Is r composite?
True
Let t(u) = u**3 - 5*u**2 - u - 7. Suppose c = -4*c + 30. Is t(c) composite?
False
Suppose 0 = -2*z + 811 + 923. Suppose -853 - z = -5*o. Is (o/2)/(9 - 7) a composite number?
True
Let r(i) = 24*i + 2. Let o be r(6). Let u = o + -79. Is u prime?
True
Suppose 14 + 4 = 3*j. Let w = 4 - j. Is (w - -3)*185/5 composite?
False
Let q(h) = h**3 - 5*h**2 - 6*h - 1. Let w be q(6). Is (102/(-10))/(w/5) composite?
True
Let u(h) = -h**3 + h**2 - h. Let p be u(1). Let v(g) = -264*g + 1. Is v(p) a prime number?
False
Let j be (-3)/(-2) - (-2408)/16. Suppose j = 3*q - 790. Is q a prime number?
False
Let r(p) = p. Let l(w) = -25*w - 5. Let c = 3 - 2. Let s(k) = c*l(k) + 30*r(k). Is s(4) prime?
False
Let g(x) = 39*x**2 - 2*x + 1. Let q be g(2). Suppose -r = -5*z + r + 159, 0 = 5*z - 4*r - q. Is z prime?
False
Let l = -98 - -775. Is l composite?
False
Let s(j) = 13*j - 6. Let f be s(-5). Let b = 92 - f. Is b composite?
False
Let z(m) = -3*m - 6. Let p = 6 + -13. Is z(p) prime?
False
Suppose -7934 = -2*h - 6*k + 5*k, -k = -5*h + 19835. Is h a composite number?
False
Suppose -13*m = -1560 - 299. Is m a prime number?
False
Let b(l) = -l + 10. Let d be b(6). Let i be 2 - 2 - (2 - d). Suppose -2*n = -0*n - i*h - 158, 0 = -n - 2*h + 79. Is n prime?
True
Suppose -1226 = 4*f - 6214. Is f a prime number?
False
Let f(r) = -76*r**3 + 2*r + 1. Let y be f(-1). Suppose -5*j + 2*j = -y. Is j composite?
True
Suppose 3*x - 8 = 1. Suppose x*u = u - 6. Let c(q) = -8*q - 3. Is c(u) a prime number?
False
Let n(s) be the second derivative of s**4/12 + s**3 - s**2/2 + s. Is n(-8) prime?
False
Suppose -5*u + 1655 = -0*u. Is u a prime number?
True
Suppose -25 = 4*x + 11. Is 3/x*0 - -6 a prime number?
False
Suppose 5*n - c - 802 = 0, -n - c + 129 + 35 = 0. Is n composite?
True
Is -4 + (-4 - -3) + 556 composite?
True
Suppose 0 = -n - 2*w + 803, 5*n + 4*w = 3507 + 490. Is n a composite number?
False
Let d(y) = -y**3 - 7*y**2 - 5*y + 8. Let z be d(-6). Let g(x) = -z*x - x + 3 - 3 - 3. Is g(-8) prime?
False
Let f(d) = -d - 5. Let x be f(-9). Is (-712)/12*(-6)/x composite?
False
Suppose -2*t + 6*t = 0. Is t + 2 + 206 + 3 a prime number?
True
Let d = 12 - 8. Suppose -u = d*g + 7, u = -2*u + 5*g - 38. Is -1*(-4)/((-4)/u) prime?
True
Let f be (2/(-6))/((-3)/45). Suppose 0 = -f*j + 63 + 67. Suppose 3*q - 68 = -j. Is q prime?
False
Suppose -2 = -z - z. Let l = z + -1. Is (79/(-1))/(-1) - l prime?
True
Let g(u) = u**3 - u - 1. Let y(k) = -4*k**2 + 4*k + 5. Let z(b) = 2*g(b) + y(b). Let d be z(3). Let w = -14 + d. Is w a prime number?
True
Let w = 395 + -258. Let a = w - 50. Is a prime?
False
Let z be -257 + 0 + -2 - 0. Suppose 0 = 4*d + 5*l + 705, -3*d + 7*d - 5*l = -735. Let q = d - z. Is q a prime number?
True
Suppose 0*b + 8 = 4*b. Let c(x) = 3 + 0 - b + 4*x - 17*x. Is c(-4) prime?
True
Suppose 0 = -5*z + 355 + 40. Let b = 8 + z. Is b composite?
True
Let d(m) = 20*m**2 - 2*m + 3. Suppose -2*t = -0 - 4. Let y be d(t). Suppose 0 = s - 2*s + y. Is s a prime number?
True
Is (-1 - 1)/((-14)/1771) prime?
False
Suppose 4709 = 5*g - 5*p - 1041, 5*g - p - 5754 = 0. Is g a composite number?
False
Let s(m) = 20*m**3 - 5*m - 3. Is s(4) a prime number?
False
Suppose 4*h = -3*w + 19, 0 = -0*w - 5*w + 25. Let t(l) = 6*l + h + 3 - l. Is t(3) composite?
False
Suppose -3*p + 409 + 5 = 0. Suppose -2*x + 736 - p = 0. Is x prime?
False
Let r = -1593 - -3326. Is r a prime number?
True
Let k(o) = 6*o**2 - 6*o + 1. Is k(8) a prime number?
True
Suppose -144 = 5*c - 5*v - 464, c - 4*v = 79. Is c a prime number?
True
Let o(q) = -q**3 - 5*q**2 - 8*q + 5. Suppose -5*b - 7 = -5*g + 38, 0 = 2*g - 6. Is o(b) composite?
False
Let t(n) = -n**3 + 8*n**2 + 11*n - 12. Let i be t(9). Suppose -4*u + 53 = -q, -2*q + 56 = 4*u - i*q. Is u composite?
False
Suppose -6*l + l = -25. Let j(t) = 8*t + 3. Let s be j(l). Suppose -2*i - s = -269. Is i a composite number?
False
Is -4*(28775/20)/(-5) a prime number?
True
Let n = -33 + 40. Is n a composite number?
False
Let u be (2/5)/(-6 + (-62)/(-10)). Let j be (-74)/10 + 4/10. Is (-486)/(-14) - u/j prime?
False
Suppose -n - g = 2*g - 335, 2*n - 5*g = 714. Is n a composite number?
False
Let g = 263 - -2. Is g a composite number?
True
Let j(w) = -48*w**3 + w - 2. Let t be j(-2). Suppose 0*h + 4*a = 3*h - 548, 2*h = -a + t. Suppose 8*z - 4*z = h. Is z prime?
True
Suppose l - 161 = 192. Is l composite?
False
Suppose -4*v + 4 = -3*v. Is 86/v*8/4 prime?
True
Let u(y) = -y**2 + 12*y - 10. Is u(8) a prime number?
False
Let s = -3 + 5. Suppose 5*f - 280 = -5*d, 0*f + 5*f - 245 = s*d. Is f prime?
False
Suppose 0 = -0*q - 3*q. Suppose -2*f - 776 = -5*u - f, q = f + 1. Is u composite?
True
Let q = 152 + -43. Is q a prime number?
True
Suppose -v - 117 = -10*v. Is v a prime number?
True
Let r(w) = -8*w**3 + 2*w**2 + w + 2. Let b be r(-2). Suppose 4*h + p - 269 = b, -h + p + 79 = 0. Let l = 121 - h. Is l composite?
False
Let r(x) = -x**3 + 7*x**2 - x + 4. Is r(6) composite?
True
Let f(i) = -5*i + 32. Is f(-11) prime?
False
Is 2495/10 - 1/2 a prime number?
False
Let o be (8/(-6))/((-1)/3). Suppose -o*u + 333 = 5*s, 2*s - 128 = -0*s + u. Is s prime?
False
Let k be (-4)/6 - 77/(-21). Suppose -k*n + 12 = -90. Is 2/(4/n) - 3 composite?
True
Let j = -545 + 3178. Is j composite?
False
Let g be ((-9)/(-3))/(-1*(-6)/(-388)). Let l be 1*2 - (-278)/(-2). Let v = l - g. Is v a prime number?
False
Suppose -1655 = -2*r + 1591. Is r composite?
True
Let r = 1 - 2. Is (-78)/8*(-3 + r) a composite number?
True
Let g(f) = 3*f**3 - 9*f**2 + 2*f - 7. Is g(6) prime?
False
Suppose m - 6*m + 715 = 0. Is m prime?
False
Let p = 6 - 4. Suppose 21 + 7 = p*h. Is h a composite number?
True
Suppose -53 = -2*m + 693. Is m a composite number?
False
Let h(p) = 14*p**2 - p. Let v(j) = -14*j**2 + 2*j. Let u(i) = 6*h(i) + 4*v(i). Let n be u(2). Let k = n - 81. Is k a composite number?
True
Let l(f) be the second derivative of f**5/20 + f**4/3 + f**3/3 - f**2/2 - 2*f. Let k be l(-2). Let r(n) = 2*n**3 - n**2 - 2*n - 4. Is r(k) prime?
False
Let x(d) = 2*d**2 + 3*d - 4. Let h be x(-3). Suppose v - 77 = -2*z + 4*v, h*z - 185 = 5*v. Is z a composite number?
True
Let t = 9462 + -5425. Is t a composite number?
True
Suppose 3*o - 2 = 2*o. Is 1 + (103 - 3) + o prime?
True
Let m be (-12)/3*5/(-4). Let b(c) = -c**2 + 8*c - 5. Is b(m) a prime number?
False
Suppose 2*r + 164 = 498. Is r a prime number?
True
Let n(s) = -190*s - 1. Let b = -3 - -1. Is n(b) composite?
False
Suppose -v = z + 2*z - 157, v + 267 = 5*z. Is z prime?
True
